mon divisor of q and 25?
25
Let r(t) = t - 2. Let a be r(10). Suppose 3*f - 216 - 73 = 5*g, 0 = -3*g - 15. Calculate the greatest common factor of a and f.
8
Suppose 383 = 2*r - 3*x, r - 3*x = 3*r - 353. Suppose -5*v = -r + 19. Let t(c) = c - 16. Let i be t(19). Calculate the highest common factor of v and i.
3
Suppose -71 = -9*r + 73. Let b = 64 - r. What is the highest common divisor of b and 32?
16
Let d(r) be the first derivative of 21*r**2/2 + 2*r - 57. Suppose 3 = 4*c - 5. Let h be d(c). Calculate the highest common factor of h and 11.
11
Suppose -391 = 5*r + 459. Let v = -60 - r. Calculate the greatest common factor of 10 and v.
10
Suppose i - 8 = -2. Suppose -2*p - 4*d - 343 = -7*p, 2*p + 2*d = 148. Let y be (-4)/2 + -15 + p. Calculate the highest common factor of i and y.
6
Suppose 5*v + 16 = q + v, 2*q - 5*v - 23 = 0. What is the greatest common divisor of q and 212?
4
Let p = 1721 - 600. Calculate the greatest common divisor of 19 and p.
19
Let v(m) = -m**2 - 4*m + 7. Let q be v(-5). Let j be 1/(-1*q/6). Let c be (-2)/2*(j + -5). What is the highest common factor of 56 and c?
8
Suppose 120 = 2*f - 0*f. Let h = f + -36. Suppose -h - 56 = -5*o. Calculate the greatest common factor of o and 112.
16
Let n(w) = 19*w**3 + 2*w**2 + w + 1. Let c be n(2). Let k = c + -63. Let g be 2980/k - (-2)/10. What is the greatest common divisor of g and 6?
6
Suppose -554 = 15*d - 2234. Calculate the highest common divisor of d and 32.
16
Let z(p) = -p**2 - 3*p + 19. Suppose 0 = a - 3*x - 2*x + 11, -4*x + 16 = -2*a. Let y be z(a). Calculate the greatest common factor of 1 and y.
1
Suppose 5*a + x = 183, 2*a + 69 = 4*a - x. Calculate the highest common divisor of a and 588.
12
Let s(t) be the third derivative of 10*t**3 + 6*t**4 - 10*t**3 + t**2 + 0*t**3. Let v be s(1). What is the highest common divisor of 16 and v?
16
Let j(x) = 4*x - 1. Let t be j(3). Suppose t*i = 6*i + 35. What is the greatest common factor of 14 and i?
7
Suppose 2*y - 3 = -y. Let b be (4/(-8))/(3/(-12) + 0). Suppose 0 = 3*d + b*w - 4, -5*d - 4*w = -d. Calculate the greatest common divisor of d and y.
1
Let d(a) = -a + 5. Let k be d(-5). Suppose -3*z + k = -z. Suppose -3*t = -3*o - 0*t + 270, 4*t = z*o - 450. What is the greatest common divisor of 36 and o?
18
Let s(n) = 2*n**3 - 12*n**2 - n - 64. Let o be s(10). What is the highest common divisor of o and 66?
66
Suppose -36 = -2*q + 4. Let v be 18/(-81) - (-47)/9. Suppose v*o = a - 80, -8*a + 52 = -7*a + 2*o. Calculate the highest common divisor of a and q.
20
Let g = -112 - -138. Let t(u) = -20*u + 3. Let p be t(-5). Let z = 168 - p. Calculate the greatest common factor of z and g.
13
Let p = -888 - -1306. What is the highest common factor of p and 76?
38
Let t be 1/((-1 - -2) + 0). Let j be -5*(t - 17/5). Suppose 9*i = -58 + 166. Calculate the greatest common divisor of j and i.
12
Let f be (0 - (9 + -3)) + 447. What is the greatest common divisor of f and 18?
9
Let z = 893 + -746. Calculate the highest common divisor of z and 490.
49
Suppose 4 = -2*l, -5*t - 2 = -l - 9. Let v be (t - 5)*-1*18. Calculate the greatest common factor of 9 and v.
9
Suppose 0 = -16*r + 289 - 49. Calculate the greatest common factor of r and 125.
5
Suppose -48 = -3*v - 45. What is the greatest common factor of 125 and v?
1
Let u be (24*4/20 + -6)*-90. What is the greatest common factor of u and 72?
36
Let w be ((-18)/(-8))/(12*(-6)/(-1344)). Calculate the highest common factor of w and 105.
21
Let l be (-2)/3 + (-136)/(-51). Suppose 7*p = 12*p - 3*x - 163, -x = -l*p + 66. What is the highest common divisor of p and 5?
5
Suppose -3*x = -4*x - 3*x. Suppose x*q - 432 = -6*q. Calculate the highest common factor of 9 and q.
9
Suppose -4*d = -371 + 87. Calculate the highest common factor of 355 and d.
71
Let h(l) be the first derivative of -l**4/2 - l**2/2 - l + 1. Let d be h(-1). Suppose -88*b + 88 = -84*b. What is the greatest common factor of b and d?
2
Suppose 0 = 2*s - 206 - 22. What is the highest common factor of s and 190?
38
Suppose 0*s + 4*q = -2*s + 100, -3*q + 9 = 0. Let o = 64 - s. Let k = o - -3. What is the greatest common divisor of 207 and k?
23
Suppose 3*s = 3*l - 7*l + 136, 34 = l + 3*s. What is the highest common factor of 17 and l?
17
Let t be (-42)/8 - 7/(-28). Let a be 17/(3 + 3 + t). Calculate the highest common factor of 17 and a.
17
Suppose -2*j + 10 = 4*x - 8, 0 = 5*j - 5. Suppose 0 = -s + 3*s - x. What is the greatest common divisor of 3 and s?
1
Suppose -2*h - c = -5, -5*c = -3*h + 21 + 19. Let z = 2 + 3. Calculate the highest common factor of z and h.
5
Let f be 10/8 + (-588)/(-16). Calculate the greatest common factor of 722 and f.
38
Let w be 8*13*(-4)/(-32). Calculate the highest common factor of w and 299.
13
Let k = 71 - 59. What is the greatest common factor of k and 12?
12
Suppose -117 = p - 177. Suppose 0 = 2*f - 33 + 3. What is the greatest common factor of p and f?
15
Suppose 129 = 5*i - 4*l, -3*i + 10*l + 79 = 6*l. What is the highest common divisor of 40 and i?
5
Let u = 2569 - 2558. Let v(w) = -w**3 - w**2 - w + 197. Let l be v(0). Let x = -109 + l. What is the highest common factor of u and x?
11
Suppose -5*a + 1858 = 3*q, 5*q - 151*a = -148*a + 3040. What is the greatest common divisor of 13 and q?
13
Let b be (-2)/12 + (-805)/126*-3. What is the greatest common divisor of b and 76?
19
Let x(u) = -u**3 + 10*u**2 + 32*u + 25. Let i be x(11). Suppose -n = -3 - 13. Calculate the greatest common factor of n and i.
16
Let u be (1 + 27)*(-7)/14. Let m be 1 + (-4 - -2 - u). What is the highest common factor of 91 and m?
13
Let z(d) = -3 + 0*d + 4*d - 2 - 2*d. Let g be z(4). Suppose 37 = g*i - f, 5*i - 5*f + 22 = 67. Calculate the highest common divisor of i and 56.
14
Suppose -44*j + 11137 = -479. What is the greatest common divisor of j and 198?
66
Let s be 4230/(-235)*(29/(-2) - 0). What is the greatest common factor of s and 87?
87
Let k(g) = -34*g - 158. Let j be k(-5). Calculate the highest common divisor of j and 114.
6
Let y be ((-8)/40)/(9/(-225)). What is the greatest common factor of y and 19?
1
Let h(l) = -92*l + 6. Suppose 4*w = -n + 8, -3*n - w - 9 = -0*n. Let c be h(n). Calculate the greatest common factor of 34 and c.
34
Suppose -68*m + 82*m - 1372 = 0. Let w = 32 + -18. What is the highest common divisor of m and w?
14
Suppose i - 25 = -4*i, -q + 5*i - 16 = 0. Let x(f) = f + 5. Let n be x(-2). Calculate the greatest common factor of n and q.
3
Let o(j) = 3*j + 27. Let n be o(17). Let g = n - -167. Calculate the greatest common factor of 35 and g.
35
Let x be (-3)/6*(-720)/10. What is the greatest common factor of 252 and x?
36
Let f be 8/12*-12 + 4 + 304. Calculate the highest common factor of 15 and f.
15
Suppose -6366 = -9*s + 6486. Calculate the greatest common factor of 84 and s.
84
Let w(s) = 20*s - 64. Let l be w(4). What is the highest common factor of 112 and l?
16
Let m be (-1 + -1)/(-1*1/28). Calculate the highest common factor of m and 24.
8
Suppose 0*x = -3*x + 45. Suppose -3*k = -4*q - 84, -3*q = 4*k - 3*k - x. Suppose 6*z - 2*t - 246 = 2*z, 6 = -2*t. What is the highest common factor of z and k?
12
Let u = 26 - 22. Let y be (-780)/(-55) + u/(-22). Let x(c) = 2*c + 4. Let w be x(5). Calculate the greatest common divisor of w and y.
14
Suppose -6*l + 3*l + 18 = 0. Suppose -l*s + 117 = -51. Calculate the highest common factor of 7 and s.
7
Suppose 4*f - g = 62, g - 43 = 2*f - 5*f. Calculate the highest common factor of f and 3.
3
Let h be (-9)/(-6)*(-1)/3*0. Suppose -4*q = 4*p - 32, q - 4*p + h*p = -12. What is the greatest common factor of q and 16?
4
Suppose -318 = -2*q - 3*w + 363, 1665 = 5*q - 5*w. Calculate the greatest common divisor of q and 42.
42
Let l be 369 - -9*4/12. What is the greatest common divisor of l and 12?
12
Let y(o) = 7*o + 159. Let c be y(-7). Calculate the greatest common factor of c and 44.
22
Let a be 45 + (3 - -140)/(-11). What is the highest common factor of a and 38?
2
Let o = -249 + 284. Let y(n) = 28*n. Let c be y(5). Calculate the highest common factor of o and c.
35
Let r = 273 - 114. Suppose 0 = 18*y - 15*y - r. Calculate the highest common divisor of 265 and y.
53
Let b(f) = -f - 11. Let s be b(-6). Let l = -2 - s. Suppose -5*r + 0 + 15 = w, l*r - 17 = w